{"id":1186,"date":"2023-07-06T23:33:03","date_gmt":"2023-07-06T21:33:03","guid":{"rendered":"https:\/\/blog.epicycle.fr\/?page_id=1186"},"modified":"2025-10-31T13:20:17","modified_gmt":"2025-10-31T12:20:17","slug":"inegalites-de-salaire","status":"publish","type":"page","link":"https:\/\/blog.epicycle.fr\/?page_id=1186","title":{"rendered":"In\u00e9galit\u00e9s de salaire"},"content":{"rendered":"\n<script src=\"https:\/\/d3js.org\/d3.v4.min.js\" type=\"text\/javascript\"><\/script>\n\t<script src=\"https:\/\/cdn.jsdelivr.net\/npm\/chart.js@3.8.2\" type=\"text\/javascript\"><\/script>\n\t<script src=\"https:\/\/cdn.jsdelivr.net\/npm\/moment@2.29.4\" type=\"text\/javascript\"><\/script>\n\t<script src=\"https:\/\/cdn.jsdelivr.net\/npm\/chartjs-adapter-moment@1.0.0\" type=\"text\/javascript\"><\/script>\n\t<script src=\"https:\/\/cdnjs.cloudflare.com\/ajax\/libs\/mathjs\/11.0.1\/math.js\n\" type=\"text\/javascript\"><\/script>\n\t<script src=\"https:\/\/www.epicycle.fr\/js_salaires\/cumulative_distribution_estimator.js\" type=\"text\/javascript\"><\/script>\n\t<script src=\"https:\/\/www.epicycle.fr\/js_salaires\/format_data.js\" type=\"text\/javascript\"><\/script>\n\t<script src=\"https:\/\/www.epicycle.fr\/js_salaires\/carriere.js\" type=\"text\/javascript\"><\/script>\n\t<script src=\"https:\/\/www.epicycle.fr\/js_salaires\/timeseries.js\" type=\"text\/javascript\"><\/script>\n\t<script src=\"https:\/\/www.epicycle.fr\/js_salaires\/load_data.js\" type=\"text\/javascript\"><\/script>\n\t<script src=\"https:\/\/www.epicycle.fr\/js_salaires\/custom_charts.js\" type=\"text\/javascript\"><\/script>\n\t<script src=\"https:\/\/www.epicycle.fr\/js_salaires\/lorenz_gini_small.js\" type=\"text\/javascript\"><\/script>\n\n<h2>Introduction<\/h2>\n\n\t<p>\n\t\tLe premier graphique de cette page propose les indicateurs d&rsquo;in\u00e9galit\u00e9 suivants :\n\t\t<ul>\n\t\t\t<li>le <a href=\"https:\/\/www.insee.fr\/fr\/metadonnees\/definition\/c1488\">rapport interd\u00e9ciles D9\/D1<\/a>,<\/li>\n\t\t\t<li>le <a href=\"https:\/\/fr.wikipedia.org\/wiki\/Rapport_interquartile\">rapport interquartiles Q3\/Q1<\/a>,<\/li>\n\t\t\t<li>le <a href=\"https:\/\/fr.wikipedia.org\/wiki\/Coefficient_de_Gini\">coefficient de Gini<\/a>,<\/li>\n\t\t\t<li>le <a href=\"http:\/\/geoconfluences.ens-lyon.fr\/glossaire\/ratio-de-palma\">ratio de Palma<\/a>,<\/li>\n\t\t<\/ul>\n\n\t\tTous ces indicateurs sont disponibles \u00e0 partir de 1996 pour les salaires \u00e9quivalent temps plein. <br>\n\n\t\tEn ce qui concerne les salaires temps complet, le rapport interd\u00e9ciles est disponible \u00e0 partir de 1950 tandis les trois autres indicateurs sont disponibles \u00e0 partir de 1976. <br>\n\t<\/p> \n\n\t<p>\n\t\tLe second graphique donne les <a href=\"https:\/\/fr.wikipedia.org\/wiki\/Courbe_de_Lorenz\">courbes de Lorenz<\/a> pour les ann\u00e9es s\u00e9lectionn\u00e9es.\n\t<\/p>\n\n\t<p>\n\t\tIl est \u00e0 noter que les indicateurs de cette page ne concernent que les salaires.\n\n\t\tL&rsquo;INSEE <a href=\"https:\/\/www.insee.fr\/fr\/statistiques\/2491918#graphique-figure1\">fournit quant \u00e0 lui des indicateurs d&rsquo;in\u00e9galit\u00e9s de niveau de vie<\/a> (ce qui tient compte des revenus du patrimoine ainsi que des imp\u00f4ts et des prestations sociales).\n\t<\/p> \n\n<h2>In\u00e9galit\u00e9s parmi les salari\u00e9s<\/h2>\n\n<div id=\"chart\">\n\t<p>\n\t\t<label for=\"serie\">S\u00e9rie de donn\u00e9es :<\/label>\n\t\t<select name=\"serie\" class=\"serie\" id=\"serie\" onchange=\"chart.update();\">\n\t\t\t<option name=\"eqtp\" id=\"eqtp\" value=\"eqtp\" selected=\"selected\">equivalent temps plein<\/option>\n\t\t\t<option name=\"tc\" id=\"tc\" value=\"tc\">temps complet<\/option>\n\t\t<\/select>\n\t\t<br>\n\n\t\t<label for=\"salaire_type\">Salaire net\/brut :<\/label>\n\t\t<select name=\"salaire_type\" class=\"salaire_type\" id=\"salaire_type\" onchange=\"chart.update();\">\n\t\t\t<option name=\"net\" id=\"net\" value=\"net\" selected=\"selected\">net<\/option>\n\t\t\t<option name=\"brut\" id=\"brut\" value=\"brut\">brut<\/option>\n\t\t<\/select>\n\t\t<br>\n\n\t\t<label for=\"indicateur\">Indicateur :<\/label>\n\t\t<select name=\"indicateur\" class=\"indicateur\" id=\"indicateur\" onchange=\"chart.update();\">\n\t\t\t<option name=\"inter_deciles\" id=\"inter_deciles\" value=\"inter_deciles\">rapport interd\u00e9ciles<\/option>\n\t\t\t<option name=\"inter_quartiles\" id=\"inter_quartiles\" value=\"inter_quartiles\">rapport interquartiles<\/option>\n\t\t\t<option name=\"coeff_gini\" id=\"coeff_gini\" value=\"coeff_gini\">coefficient de Gini<\/option>\n\t\t\t<option name=\"coeff_gini\" id=\"coeff_gini\" value=\"coeff_palma\" selected=\"selected\">ratio de Palma<\/option>\n\t\t<\/select>\n\t\t<br>\n\n\t\t<label for=\"annee_min\">Ann\u00e9e minimale :<\/label>\n\t\t<input type=\"number\" class=\"annee_min\" id=\"annee_min\" min=\"1950\" max=\"2024\" step=\"1\" value=\"1990\" onchange=\"chart.update();\">\n\t\t<br>\n\n\t\t<label for=\"annee_max\">Ann\u00e9e maximale :<\/label>\n\t\t<input type=\"number\" class=\"annee_max\" id=\"annee_max\" min=\"1950\" max=\"2024\" step=\"1\" value=\"2024\" onchange=\"chart.update();\">\n\t\t<br>\n\t<\/p>\n\n\n\t<h5>Indicateur d&rsquo;in\u00e9galit\u00e9 des salaires<\/h5>\n\n\t<div class='chart_container' id='chart_container_indices'>\n\t\t<div class='chart_title'><\/div>\n\t\t<canvas class='chart'><\/canvas>\n\t\t<em  class='note'><\/em>\n\t<\/div>\n\n\n\t<h5>Courbes de Lorenz des salaires<\/h5>\n\n\t<div>\n      <input type='checkbox' id='inter' name='inter' onclick=\"chart.update();\">\n      <label for='inter'>Afficher les courbes de Lorenz des ann\u00e9es interm\u00e9diaires<\/label>\n    <\/div>\n\n\t<div class='chart_container' id='chart_container_lorenz' width='500px'>\n\t\t<div class='chart_title'><\/div>\n\t\t<canvas class='chart'><\/canvas>\n\t\t<em  class='note'><\/em>\n\t<\/div>\n\t<p id='gini_salaires'><\/p>\n<\/div>\n\n<h2>M\u00e9thodologie et remarques<\/h2>\n\n\t<p>\n\t\tLes indicateurs d&rsquo;in\u00e9galit\u00e9 sont calcul\u00e9s gr\u00e2ce \u00e0 la distribution des salaires interpol\u00e9e (<a href=\"https:\/\/blog.epicycle.fr\/?p=1126\">d\u00e9tails ici<\/a>) \u00e0 partir de donn\u00e9es de l&rsquo;INSEE.\n\n\t<p>\n\t\tLes quantiles des salaires bruts sont obtenus \u00e0 l&rsquo;aide des quantiles des salaires nets publi\u00e9s par l&rsquo;INSEE ainsi que des taux de cotisation par tranche de salaire (pour les cadres et les non cadres) et de la proportion de cadres parmi les salari\u00e9s.\n\t<\/p>\n\n\t<p>\n\t\tCe travail est encore en version b\u00eata, merci de me signaler les bugs ou inconsistances \u00e9ventuels.\n\t<\/p>\n\n<h2>Sources de donn\u00e9es<\/h2>\n<p>\n\t<ul>\n\t\t<li><a href=\"https:\/\/www.insee.fr\/fr\/statistiques\/4768237\">Effectifs des cadres et employ\u00e9s (INSEE)<\/a>, version <a href=\"https:\/\/www.data.gouv.fr\/fr\/datasets\/effectifs-des-cadres-et-employes-avec-detail-par-sexe\/\">reformat\u00e9e<\/a>.<\/li>\n\t\t<li><a href=\"https:\/\/www.insee.fr\/fr\/statistiques\/fichier\/7681203\/TC08.csv\">Distribution des salaires nets du secteur priv\u00e9, temps complet (INSEE)<\/a>, version <a href=\"https:\/\/www.data.gouv.fr\/fr\/datasets\/r\/0de74d2f-53c8-4cf8-9f60-c038f1bb8dd6\">reformat\u00e9e<\/a>.<\/li>\n\t\t<li><a href=\"https:\/\/www.insee.fr\/fr\/statistiques\/fichier\/7681203\/EQTP08.csv\">Distribution des salaires nets du secteur priv\u00e9, \u00e9quivalent temps plein (INSEE)<\/a>, version <a href=\"https:\/\/www.data.gouv.fr\/fr\/datasets\/r\/67162750-9b9d-4449-b6f8-7daaea2ec63c\">reformat\u00e9e<\/a>.<\/li>\n\t\t<li><a href=\"https:\/\/www.insee.fr\/fr\/statistiques\/fichier\/7681203\/CS3.csv\">Taux de cotisation par tranches de salaires (INSEE)<\/a>, version <a href=\"https:\/\/www.data.gouv.fr\/fr\/datasets\/r\/fd7ee826-8ad5-40a9-9655-6a75db45fb6d\">reformat\u00e9e<\/a>.<\/li>\n\t\t<li><a href=\"https:\/\/www.insee.fr\/fr\/statistiques\/fichier\/7681203\/PLAFOND.csv\">Plafonds de la s\u00e9curit\u00e9 sociale (INSEE)<\/a>, version <a href=\"https:\/\/www.data.gouv.fr\/fr\/datasets\/r\/e38fdc42-ff80-4bba-958d-5a6cce1ba7a9\">reformat\u00e9e<\/a>.<\/li>\n\t<\/ul>\n\tLe <a href=\"https:\/\/gitlab.com\/observatoire_des_salaires\/src\">code source<\/a> sur lequel repose ce travail est sous licence <a href=\"https:\/\/www.gnu.org\/licenses\/gpl-3.0.en.html\">GNU GPL<\/a> et les textes, images, graphiques ainsi que la <a href=\"https:\/\/gitlab.com\/observatoire_des_salaires\/db\">base de donn\u00e9es<\/a> sont sous licence <a href=\"https:\/\/creativecommons.org\/licenses\/by\/4.0\/\">Creative Commons Attribution<\/a>.\n\t<br>\n\tMerci de citer <a href=\"http:\/\/blog.epicycle.fr\">blog.epicycle.fr<\/a> en cas de r\u00e9utilisation ou d&rsquo;adaptation.\n\t<a rel=\"me\" href=\"https:\/\/mamot.fr\/@LHomme_Qui_Rit\"><\/a>\n<\/p>\n\n\t<script type=\"text\/javascript\">\n\t\tclass ChartWrapper {\n\t\t\tconstructor(div_indices, div_lorenz) {\n\t\t\t\tthis.div_indices = div_indices;\n\t\t\t\tthis.div_lorenz = div_lorenz;\n\t\t\t\tthis.chart_indices = null;\n\t\t\t\tthis.chart_lorenz = null;\n\t\t\t}\n\n\t\t\tupdate() {\n\t\t\t\t\/\/ bornes des entr\u00e9\u00e9es\n\t\t\t\tvar serie = document.getElementById('serie').value;\n\t\t\t\tvar salaire_type = document.getElementById('salaire_type').value;\n\t\t\t\tvar indicateur = document.getElementById('indicateur').value;\n\n\t\t\t\tvar min_year_tc = 1976;\/\/distrib_net_estimator_tc[0].date.getFullYear();\n\t\t\t\tvar min_year_eqtp = distrib_net_estimator_eqtp[0].date.getFullYear();\n\t\t\t\tvar max_year_tc = 2019;\/\/distrib_net_estimator_tc[distrib_net_estimator_tc.length-1].date.getFullYear();\n\t\t\t\tvar max_year_eqtp = distrib_net_estimator_eqtp[distrib_net_estimator_eqtp.length-1].date.getFullYear();\n\n\t\t\t\tif ( indicateur == 'inter_deciles' )\n\t\t\t\t\tmin_year_tc = distrib_net_estimator_tc[0].date.getFullYear();\n\n\t\t\t\tconsole.log(max_year_eqtp);\n\t\t\t\tif ( serie == 'eqtp' ) {\n\t\t\t\t\tdocument.getElementById('annee_min').min = min_year_eqtp;\n\t\t\t\t\tdocument.getElementById('annee_max').max = max_year_eqtp;\n\t\t\t\t}\n\t\t\t\telse if ( serie == 'tc' ) {\n\t\t\t\t\tdocument.getElementById('annee_min').min = min_year_tc;\n\t\t\t\t\tdocument.getElementById('annee_max').max = max_year_tc;\n\t\t\t\t}\n\n\t\t\t\tif ( document.getElementById('annee_min').value < document.getElementById('annee_min').min )\n\t\t\t\t\tdocument.getElementById('annee_min').value = document.getElementById('annee_min').min;\n\t\t\t\tif ( document.getElementById('annee_min').value > document.getElementById('annee_min').max )\n\t\t\t\t\tdocument.getElementById('annee_min').value = document.getElementById('annee_min').max;\n\t\t\t\tif ( document.getElementById('annee_max').value > document.getElementById('annee_max').max )\n\t\t\t\t\tdocument.getElementById('annee_max').value = document.getElementById('annee_max').max;\n\t\t\t\tif ( document.getElementById('annee_max').value < document.getElementById('annee_max').min )\n\t\t\t\t\tdocument.getElementById('annee_max').value = document.getElementById('annee_max').min;\n\n\t\t\t\tdocument.getElementById('annee_max').min = parseInt(document.getElementById('annee_min').value) + 1;\n\t\t\t\tdocument.getElementById('annee_min').max = parseInt(document.getElementById('annee_max').value) - 1;\n\n\t\t\t\tvar annee_min = document.getElementById('annee_min').value;\n\t\t\t\tvar annee_max = document.getElementById('annee_max').value;\n\n\t\t\t\t\/\/ Choix de la s\u00e9rie d'estimateurs\n\t\t\t\tvar distrib_estimator = null;\n\t\t\t\tvar lorenz_gini = null;\n\t\t\t\tif ( serie == 'eqtp' ) {\n\t\t\t\t\tif ( salaire_type == 'brut' ) {\n\t\t\t\t\t\tdistrib_estimator = distrib_brut_estimator_eqtp;\n\t\t\t\t\t\tlorenz_gini = lorenz_gini_brut_eqtp;\n\t\t\t\t\t}\n\t\t\t\t\telse if ( salaire_type == 'net' ) {\n\t\t\t\t\t\tdistrib_estimator = distrib_net_estimator_eqtp;\n\t\t\t\t\t\tlorenz_gini = lorenz_gini_net_eqtp;\n\t\t\t\t\t}\n\t\t\t\t}\n\t\t\t\telse if ( serie == 'tc' ) {\n\t\t\t\t\tif ( salaire_type == 'brut' ) {\n\t\t\t\t\t\tdistrib_estimator = distrib_brut_estimator_tc;\n\t\t\t\t\t\tlorenz_gini = lorenz_gini_brut_tc;\n\t\t\t\t\t}\n\t\t\t\t\telse if ( salaire_type == 'net' ) {\n\t\t\t\t\t\tdistrib_estimator = distrib_net_estimator_tc;\n\t\t\t\t\t\tlorenz_gini = lorenz_gini_net_tc;\n\t\t\t\t\t}\n\t\t\t\t}\n\n\t\t\t\t\/\/ Calcul des indicateurs\n\t\t\t\tvar series_ratio_inter_deciles = distrib_estimator.map((e)=>({'x':e.date.getFullYear(), 'y':e.estimator.quantile_at(0.9, e.estimator.x_arr[1])\/e.estimator.quantile_at(0.1, e.estimator.x_arr[1])}));\n\t\t\t\tvar series_ratio_inter_quartiles = distrib_estimator.map((e)=>({'x':e.date.getFullYear(), 'y':e.estimator.quantile_at(0.75, e.estimator.x_arr[1])\/e.estimator.quantile_at(0.25, e.estimator.x_arr[1])}));\n\t\t\t\tvar series_coeff_gini = lorenz_gini.map((e)=>({'x':(new Date(e.date)).getFullYear(), 'y':e.gini}));\n\t\t\t\tvar series_coeff_palma = lorenz_gini.map((e)=>({'x':(new Date(e.date)).getFullYear(), 'y':(1-e.lorenz[40].y)\/e.lorenz[90].y}));\n\n\t\t\t\tif (this.chart_indices == null)\n\t\t\t\t\tthis.chart_indices = new CustomLineChart(this.div_indices.getElementsByClassName('chart')[0]);\n\n\t\t\t\tthis.chart_indices.clearDatasets().clearPlugins();\n\n\t\t\t\tvar series_map = {'inter_quartiles':series_ratio_inter_quartiles, 'inter_deciles':series_ratio_inter_deciles, 'coeff_gini':series_coeff_gini, 'coeff_palma':series_coeff_palma};\n\t\t\t\tvar series_name_map = {'inter_quartiles':'rapport interquartiles', 'inter_deciles':'rapport interd\u00e9ciles', 'coeff_gini':'coefficient de Gini', 'coeff_palma':'ratio de Palma'};\n\t\t\t\tvar series_color1_map = {'inter_quartiles':'rgb(100,180,100)', 'inter_deciles':'rgb(180,100,100)', 'coeff_gini':'rgb(100,100,180)', 'coeff_palma':'rgb(140,100,140)'};\n\t\t\t\tvar series_color2_map = {'inter_quartiles':'rgba(100,180,100,0.5)', 'inter_deciles':'rgba(180,100,100,0.5)', 'coeff_gini':'rgba(100,100,180,0.5)', 'coeff_palma':'rgba(140,100,140,0.5)'};\n\n\t\t\t\tthis.chart_indices.addFormattedTimeSeriesDataset(series_map[indicateur], series_color1_map[indicateur], series_color2_map[indicateur], series_name_map[indicateur]);\n\t\t\t\tthis.chart_indices.addWatermark('blog.epicycle.fr');\n\t\t\t\tthis.chart_indices.setXMin(parseInt(annee_min)).setXMax(parseInt(annee_max)).update();\n\n\t\t\t\tvar annee = Math.round((parseInt(annee_min)+parseInt(annee_max))\/2);\n\t\t\t\tvar i = return_index(series_map[indicateur], annee, 'x');\n\t\t\t\tthis.div_indices.getElementsByClassName('note')[0].innerHTML = \"<strong>Lecture<\/strong> : Le \"+series_name_map[indicateur]+\" des salaires \u00e9tait \u00e9gal \u00e0 \"+series_map[indicateur][i].y.toFixed(3)+\" en \"+series_map[indicateur][i].x+\".\";\n\t\t\t\tif ( indicateur == 'inter_quartiles' ) {\n\t\t\t\t\tthis.div_indices.getElementsByClassName('note')[0].innerHTML += \" Cela signifie que le salaire d'un salari\u00e9 gagnant plus que 75% de la population et moins que 25% de la population \u00e9tait \u00e9gal \u00e0 \"+series_map[indicateur][i].y.toFixed(3)+\" fois le salaire d'un salari\u00e9 gagnant plus que 25% de la population et moins que 75% de la population.\"\n\t\t\t\t}\n\t\t\t\telse if ( indicateur == 'inter_deciles' ) {\n\t\t\t\t\tthis.div_indices.getElementsByClassName('note')[0].innerHTML += \" Cela signifie que le salaire d'un salari\u00e9 gagnant plus que 90% de la population et moins que 10% de la population \u00e9tait \u00e9gal \u00e0 \"+series_map[indicateur][i].y.toFixed(3)+\" fois le salaire d'un salari\u00e9 gagnant plus que 10% de la population et moins que 90% de la population.\"\n\t\t\t\t}\n\t\t\t\telse if ( indicateur == 'coeff_gini' ) {\n\t\t\t\t\tthis.div_indices.getElementsByClassName('note')[0].innerHTML += \" Le coefficient de Gini est \u00e9gal \u00e0 0 en cas d'\u00e9galit\u00e9 parfaite (salaire identique pour tous les salari\u00e9s) et \u00e0 1 en cas d'in\u00e9galit\u00e9 maximale (un unique salari\u00e9 touche l'int\u00e9gralit\u00e9 de l'argent).\"\n\t\t\t\t}\n\t\t\t\telse if ( indicateur == 'coeff_palma' ) {\n\t\t\t\t\tthis.div_indices.getElementsByClassName('note')[0].innerHTML += \" Cela signifie que les 10% de salari\u00e9s touchant les salaires les plus \u00e9lev\u00e9s percevaient au total une somme \u00e9gale \u00e0 \"+series_map[indicateur][i].y.toFixed(3)+\" fois la somme totale per\u00e7ue par les 40% des salari\u00e9s touchant les salaires les plus faibles.\"\n\t\t\t\t}\n\n\n\t\t\t\t\/\/ courbes de Lorenz\n\t\t\t\tif (this.chart_lorenz == null) {\n\t\t\t\t\tthis.chart_lorenz = new CustomLineChart(this.div_lorenz.getElementsByClassName('chart')[0]);\n\t\t\t\t}\n\t\t\t\tthis.chart_lorenz.clearDatasets().clearPlugins();\n\n\t\t\t\tvar date_min = new Date(Math.max(1976,annee_min)+'-01-01');\n\t\t\t\tdate_min.setHours(0,0,0);\n\t\t\t\tvar date_max = new Date(annee_max+'-01-01');\n\t\t\t\tdate_max.setHours(0,0,0);\n\n\t\t\t\tvar i_min = return_index(lorenz_gini, date_min, 'date');\n\t\t\t\tvar i_max = return_index(lorenz_gini, date_max, 'date');\n\t\t\t\tvar hue_min = 105, hue_max = 235, sat_min = 30, sat_max = 55, lum_min = 75, lum_max = 55;\n\n\t\t\t\tfunction color(i) {\n\t\t\t\t\treturn 'hsl('+Math.round(((i-i_min)*hue_max+(i_max-i)*hue_min)\/(i_max-i_min))+','\n\t\t\t\t\t\t\t\t +Math.round(((i-i_min)*sat_max+(i_max-i)*sat_min)\/(i_max-i_min))+'%,'\n\t\t\t\t\t\t\t\t +Math.round(((i-i_min)*lum_max+(i_max-i)*lum_min)\/(i_max-i_min))+'%)';\n\t\t\t\t}\n\n\t\t\t\tvar inter = document.getElementById('inter').checked;\n\n\t\t\t\tthis.chart_lorenz.addFormattedTimeSeriesDataset([{x:0, y:0}, {x:100, y:100}], 'rgb(88,88,88)', 'rgb(88,88,88)', '\u00e9galit\u00e9 parfaite', null, 0, null, null, i_min-1);\n\t\t\t\tthis.chart_lorenz.addFormattedTimeSeriesDataset(lorenz_gini[i_min].lorenz.map((e)=>({x:e.x*100, y:e.y*100})), color(i_min), color(i_min), 'courbe de Lorenz '+lorenz_gini[i_min].date.getFullYear(), null, 0, null, null, i_max);\n\t\t\t\tif ( inter == true )\n\t\t\t\t\tfor ( var i = i_min+1 ; i < i_max ; ++i )\n\t\t\t\t\t\tthis.chart_lorenz.addFormattedTimeSeriesDataset(lorenz_gini[i].lorenz.map((e)=>({x:e.x*100, y:e.y*100})), color(i), color(i), 'hide', null, 0, null, null, i_max+i_min-i);\n\n\t\t\t\tthis.div_lorenz.height = this.div_lorenz.width;\n\t\t\t\tthis.chart_lorenz.addFormattedTimeSeriesDataset(lorenz_gini[i_max].lorenz.map((e)=>({x:e.x*100, y:e.y*100})), color(i_max), color(i_max), 'courbe de Lorenz '+lorenz_gini[i_max].date.getFullYear(), null, 0, null, null, i_min);\n\t\t\t\t\/\/this.chart_lorenz.setAspectRatio(1.2);\n\t\t\t\tthis.chart_lorenz.addWatermark('blog.epicycle.fr');\n\t\t\t\tthis.chart_lorenz.setXMin(0).setXMax(100).setYMin(0).setYMax(100).setPercentageX().setPercentageY().update();\n\n\t\t\t\tthis.div_lorenz.getElementsByClassName('note')[0].innerHTML = \"<strong>Lecture<\/strong> : En \"+annee_max+\", les 40% des salari\u00e9s les moins bien pay\u00e9s touchaient au total \"+(lorenz_gini[i_max].lorenz[80].y*100).toFixed(1)+\"% de la somme de l'ensemble des salaires.\";\n\t\t\t}\n\t\t}\n\n\t\tvar chart = new ChartWrapper(document.getElementById('chart_container_indices'), document.getElementById('chart_container_lorenz'));\n\t\t\n\t\tload_data(chart.update.bind(chart));\n\t<\/script>\n","protected":false},"excerpt":{"rendered":"<p>Introduction Le premier graphique de cette page propose les indicateurs d&rsquo;in\u00e9galit\u00e9 suivants : le rapport interd\u00e9ciles D9\/D1, le rapport interquartiles Q3\/Q1, le coefficient de Gini, le ratio de Palma, Tous ces indicateurs sont disponibles \u00e0 partir de 1996 pour les salaires \u00e9quivalent temps plein. En ce qui concerne les salaires temps complet, le rapport interd\u00e9ciles &hellip; <a href=\"https:\/\/blog.epicycle.fr\/?page_id=1186\" class=\"more-link\">Continuer la lecture<span class=\"screen-reader-text\"> de &laquo;&nbsp;In\u00e9galit\u00e9s de salaire&nbsp;&raquo;<\/span><\/a><\/p>\n","protected":false},"author":1,"featured_media":0,"parent":0,"menu_order":0,"comment_status":"closed","ping_status":"closed","template":"","meta":{"footnotes":""},"class_list":["post-1186","page","type-page","status-publish","hentry"],"_links":{"self":[{"href":"https:\/\/blog.epicycle.fr\/index.php?rest_route=\/wp\/v2\/pages\/1186","targetHints":{"allow":["GET"]}}],"collection":[{"href":"https:\/\/blog.epicycle.fr\/index.php?rest_route=\/wp\/v2\/pages"}],"about":[{"href":"https:\/\/blog.epicycle.fr\/index.php?rest_route=\/wp\/v2\/types\/page"}],"author":[{"embeddable":true,"href":"https:\/\/blog.epicycle.fr\/index.php?rest_route=\/wp\/v2\/users\/1"}],"replies":[{"embeddable":true,"href":"https:\/\/blog.epicycle.fr\/index.php?rest_route=%2Fwp%2Fv2%2Fcomments&post=1186"}],"version-history":[{"count":9,"href":"https:\/\/blog.epicycle.fr\/index.php?rest_route=\/wp\/v2\/pages\/1186\/revisions"}],"predecessor-version":[{"id":1462,"href":"https:\/\/blog.epicycle.fr\/index.php?rest_route=\/wp\/v2\/pages\/1186\/revisions\/1462"}],"wp:attachment":[{"href":"https:\/\/blog.epicycle.fr\/index.php?rest_route=%2Fwp%2Fv2%2Fmedia&parent=1186"}],"curies":[{"name":"wp","href":"https:\/\/api.w.org\/{rel}","templated":true}]}}